[INFO] fetching crate codegen-for-async-graphql-renderer 0.2.6...
[INFO] checking codegen-for-async-graphql-renderer-0.2.6 against master#af3c6e733a40e671550e0f0f5aeecaa13772ba56 for pr-74989
[INFO] extracting crate codegen-for-async-graphql-renderer 0.2.6 into /workspace/builds/worker-0/source
[INFO] validating manifest of crates.io crate codegen-for-async-graphql-renderer 0.2.6 on toolchain af3c6e733a40e671550e0f0f5aeecaa13772ba56
[INFO] running `Command { std: "/workspace/cargo-home/bin/cargo" "+af3c6e733a40e671550e0f0f5aeecaa13772ba56" "read-manifest" "--manifest-path" "Cargo.toml", kill_on_drop: false }`
[INFO] started tweaking crates.io crate codegen-for-async-graphql-renderer 0.2.6
[INFO] finished tweaking crates.io crate codegen-for-async-graphql-renderer 0.2.6
[INFO] tweaked toml for crates.io crate codegen-for-async-graphql-renderer 0.2.6 written to /workspace/builds/worker-0/source/Cargo.toml
[INFO] running `Command { std: "/workspace/cargo-home/bin/cargo" "+af3c6e733a40e671550e0f0f5aeecaa13772ba56" "generate-lockfile" "--manifest-path" "Cargo.toml" "-Zno-index-update", kill_on_drop: false }`
[INFO] running `Command { std: "/workspace/cargo-home/bin/cargo" "+af3c6e733a40e671550e0f0f5aeecaa13772ba56" "fetch" "--locked" "--manifest-path" "Cargo.toml", kill_on_drop: false }`
[INFO] running `Command { std: "docker" "create" "-v" "/var/lib/crater-agent-workspace/builds/worker-0/target:/opt/rustwide/target:rw,Z" "-v" "/var/lib/crater-agent-workspace/builds/worker-0/source:/opt/rustwide/workdir:ro,Z" "-v" "/var/lib/crater-agent-workspace/cargo-home:/opt/rustwide/cargo-home:ro,Z" "-v" "/var/lib/crater-agent-workspace/rustup-home:/opt/rustwide/rustup-home:ro,Z" "-e" "SOURCE_DIR=/opt/rustwide/workdir" "-e" "CARGO_TARGET_DIR=/opt/rustwide/target" "-e" "CARGO_HOME=/opt/rustwide/cargo-home" "-e" "RUSTUP_HOME=/opt/rustwide/rustup-home" "-w" "/opt/rustwide/workdir" "-m" "1610612736" "--user" "0:0" "--network" "none" "rustops/crates-build-env@sha256:d92eaeed33fa75130ca1ee6c8a01d1ffb62bac859dfdfb3450e3e5d1c0146529" "/opt/rustwide/cargo-home/bin/cargo" "+af3c6e733a40e671550e0f0f5aeecaa13772ba56" "metadata" "--no-deps" "--format-version=1", kill_on_drop: false }`
[INFO] [stderr] WARNING: Your kernel does not support swap limit capabilities or the cgroup is not mounted. Memory limited without swap.
[INFO] [stdout] c2ab7721c1c8eae4bcd4c6c61eef91cc67dc96dc2d77d4d2b89cce7cdee68d70
[INFO] running `Command { std: "docker" "start" "-a" "c2ab7721c1c8eae4bcd4c6c61eef91cc67dc96dc2d77d4d2b89cce7cdee68d70", kill_on_drop: false }`
[INFO] running `Command { std: "docker" "inspect" "c2ab7721c1c8eae4bcd4c6c61eef91cc67dc96dc2d77d4d2b89cce7cdee68d70", kill_on_drop: false }`
[INFO] running `Command { std: "docker" "rm" "-f" "c2ab7721c1c8eae4bcd4c6c61eef91cc67dc96dc2d77d4d2b89cce7cdee68d70", kill_on_drop: false }`
[INFO] [stdout] c2ab7721c1c8eae4bcd4c6c61eef91cc67dc96dc2d77d4d2b89cce7cdee68d70
[INFO] running `Command { std: "docker" "create" "-v" "/var/lib/crater-agent-workspace/builds/worker-0/target:/opt/rustwide/target:rw,Z" "-v" "/var/lib/crater-agent-workspace/builds/worker-0/source:/opt/rustwide/workdir:ro,Z" "-v" "/var/lib/crater-agent-workspace/cargo-home:/opt/rustwide/cargo-home:ro,Z" "-v" "/var/lib/crater-agent-workspace/rustup-home:/opt/rustwide/rustup-home:ro,Z" "-e" "SOURCE_DIR=/opt/rustwide/workdir" "-e" "CARGO_TARGET_DIR=/opt/rustwide/target" "-e" "CARGO_INCREMENTAL=0" "-e" "RUST_BACKTRACE=full" "-e" "RUSTFLAGS=--cap-lints=forbid" "-e" "CARGO_HOME=/opt/rustwide/cargo-home" "-e" "RUSTUP_HOME=/opt/rustwide/rustup-home" "-w" "/opt/rustwide/workdir" "-m" "1610612736" "--user" "0:0" "--network" "none" "rustops/crates-build-env@sha256:d92eaeed33fa75130ca1ee6c8a01d1ffb62bac859dfdfb3450e3e5d1c0146529" "/opt/rustwide/cargo-home/bin/cargo" "+af3c6e733a40e671550e0f0f5aeecaa13772ba56" "check" "--frozen" "--all" "--all-targets" "--message-format=json", kill_on_drop: false }`
[INFO] [stdout] f19255748357353b586e25fde20abf71bdb3519240c4dd6f53d1104f6baaa6d3
[INFO] [stderr] WARNING: Your kernel does not support swap limit capabilities or the cgroup is not mounted. Memory limited without swap.
[INFO] running `Command { std: "docker" "start" "-a" "f19255748357353b586e25fde20abf71bdb3519240c4dd6f53d1104f6baaa6d3", kill_on_drop: false }`
[INFO] [stderr]    Compiling serde_json v1.0.57
[INFO] [stderr]    Compiling regex-syntax v0.6.18
[INFO] [stderr]     Checking futures-sink v0.3.5
[INFO] [stderr]    Compiling itoa v0.4.6
[INFO] [stderr]    Compiling either v1.6.0
[INFO] [stderr]     Checking unchecked-index v0.2.2
[INFO] [stderr]     Checking hex v0.4.2
[INFO] [stderr]     Checking semver v0.9.0
[INFO] [stderr]     Checking proc-macro2 v1.0.21
[INFO] [stderr]     Checking encoding_rs v0.8.24
[INFO] [stderr]     Checking getrandom v0.1.15
[INFO] [stderr]     Checking parking_lot_core v0.7.2
[INFO] [stderr]     Checking dirs v1.0.5
[INFO] [stderr]    Compiling aho-corasick v0.7.13
[INFO] [stderr]    Compiling indexmap v1.6.0
[INFO] [stderr]    Compiling syn v1.0.40
[INFO] [stderr]     Checking futures-channel v0.3.5
[INFO] [stderr]     Checking twoway v0.2.1
[INFO] [stderr]    Compiling itertools v0.9.0
[INFO] [stderr]     Checking rand_core v0.5.1
[INFO] [stderr]     Checking chrono v0.4.15
[INFO] [stderr]     Checking parking_lot v0.10.2
[INFO] [stderr]     Checking toolchain_find v0.1.4
[INFO] [stderr]     Checking rand_chacha v0.2.2
[INFO] [stderr]     Checking quote v1.0.7
[INFO] [stderr]     Checking rand v0.7.3
[INFO] [stderr]     Checking tempfile v3.1.0
[INFO] [stderr]    Compiling regex v1.3.9
[INFO] [stderr]    Compiling parse-zoneinfo v0.3.0
[INFO] [stderr]    Compiling Inflector v0.11.4
[INFO] [stderr]    Compiling pest_generator v2.1.3
[INFO] [stderr]    Compiling chrono-tz v0.5.3
[INFO] [stderr]    Compiling serde_derive v1.0.116
[INFO] [stderr]    Compiling pin-project-internal v0.4.23
[INFO] [stderr]    Compiling futures-macro v0.3.5
[INFO] [stderr]    Compiling pest_derive v2.1.0
[INFO] [stderr]    Compiling thiserror-impl v1.0.20
[INFO] [stderr]    Compiling derive_more v0.99.10
[INFO] [stderr]    Compiling async-stream-impl v0.2.1
[INFO] [stderr]    Compiling tracing-attributes v0.1.11
[INFO] [stderr]    Compiling async-trait v0.1.40
[INFO] [stderr]     Checking async-stream v0.2.1
[INFO] [stderr]     Checking tracing v0.1.19
[INFO] [stderr]     Checking thiserror v1.0.20
[INFO] [stderr]     Checking pin-project v0.4.23
[INFO] [stderr]     Checking futures-util v0.3.5
[INFO] [stderr]    Compiling serde v1.0.116
[INFO] [stderr]     Checking futures-executor v0.3.5
[INFO] [stderr]     Checking futures v0.3.5
[INFO] [stderr]     Checking multer v1.2.2
[INFO] [stderr]     Checking uuid v0.8.1
[INFO] [stderr]     Checking async-graphql-parser v1.18.1
[INFO] [stderr]     Checking bson v1.1.0
[INFO] [stderr]    Compiling toml v0.5.6
[INFO] [stderr]    Compiling proc-macro-crate v0.1.5
[INFO] [stderr]    Compiling async-graphql-derive v1.18.1
[INFO] [stderr]     Checking async-graphql v1.18.1
[INFO] [stderr]     Checking codegen-for-async-graphql-renderer v0.2.6 (/opt/rustwide/workdir)
[INFO] [stdout] error[E0432]: unresolved import `async_graphql_parser::schema`
[INFO] [stdout]  --> src/base/context.rs:2:27
[INFO] [stdout]   |
[INFO] [stdout] 2 | use async_graphql_parser::schema::{Definition, Document, TypeDefinition};
[INFO] [stdout]   |                           ^^^^^^ could not find `schema` in `async_graphql_parser`
[INFO] [stdout] 
[INFO] [stdout] 
[INFO] [stdout] error[E0432]: unresolved import `async_graphql_parser::schema`
[INFO] [stdout]  --> src/base/generator.rs:5:27
[INFO] [stdout]   |
[INFO] [stdout] 5 | use async_graphql_parser::schema::Document;
[INFO] [stdout]   |                           ^^^^^^ could not find `schema` in `async_graphql_parser`
[INFO] [stdout] 
[INFO] [stdout] 
[INFO] [stdout] error[E0432]: unresolved import `async_graphql_parser::schema`
[INFO] [stdout]  --> src/document_wrapper/field_wrapper.rs:2:27
[INFO] [stdout]   |
[INFO] [stdout] 2 | use async_graphql_parser::schema::{Field, InputValue, Type};
[INFO] [stdout]   |                           ^^^^^^ could not find `schema` in `async_graphql_parser`
[INFO] [stdout] 
[INFO] [stdout] 
[INFO] [stdout] error[E0432]: unresolved import `async_graphql_parser::schema`
[INFO] [stdout]  --> src/document_wrapper/input_object_type_wrapper.rs:1:27
[INFO] [stdout]   |
[INFO] [stdout] 1 | use async_graphql_parser::schema::{InputObjectType, InputValue};
[INFO] [stdout]   |                           ^^^^^^ could not find `schema` in `async_graphql_parser`
[INFO] [stdout] 
[INFO] [stdout] 
[INFO] [stdout] error[E0432]: unresolved import `async_graphql_parser::schema`
[INFO] [stdout]  --> src/document_wrapper/input_value_wrapper.rs:2:27
[INFO] [stdout]   |
[INFO] [stdout] 2 | use async_graphql_parser::schema::{InputValue, Type};
[INFO] [stdout]   |                           ^^^^^^ could not find `schema` in `async_graphql_parser`
[INFO] [stdout] 
[INFO] [stdout] 
[INFO] [stdout] error[E0432]: unresolved import `async_graphql_parser::schema`
[INFO] [stdout]  --> src/document_wrapper/interface_type_wrapper.rs:1:27
[INFO] [stdout]   |
[INFO] [stdout] 1 | use async_graphql_parser::schema::InterfaceType;
[INFO] [stdout]   |                           ^^^^^^ could not find `schema` in `async_graphql_parser`
[INFO] [stdout] 
[INFO] [stdout] 
[INFO] [stdout] error[E0432]: unresolved import `async_graphql_parser::schema`
[INFO] [stdout]  --> src/document_wrapper/mutation_type_wrapper.rs:1:27
[INFO] [stdout]   |
[INFO] [stdout] 1 | use async_graphql_parser::schema::{Field, InputValue, Type};
[INFO] [stdout]   |                           ^^^^^^ could not find `schema` in `async_graphql_parser`
[INFO] [stdout] 
[INFO] [stdout] 
[INFO] [stdout] error[E0432]: unresolved import `async_graphql_parser::schema`
[INFO] [stdout]  --> src/document_wrapper/mutations_type_wrapper.rs:1:27
[INFO] [stdout]   |
[INFO] [stdout] 1 | use async_graphql_parser::schema::ObjectType;
[INFO] [stdout]   |                           ^^^^^^ could not find `schema` in `async_graphql_parser`
[INFO] [stdout] 
[INFO] [stdout] 
[INFO] [stdout] error[E0432]: unresolved import `async_graphql_parser::schema`
[INFO] [stdout]  --> src/document_wrapper/object_type_wrapper.rs:1:27
[INFO] [stdout]   |
[INFO] [stdout] 1 | use async_graphql_parser::schema::ObjectType;
[INFO] [stdout]   |                           ^^^^^^ could not find `schema` in `async_graphql_parser`
[INFO] [stdout] 
[INFO] [stdout] 
[INFO] [stdout] error[E0432]: unresolved import `async_graphql_parser::schema`
[INFO] [stdout]  --> src/document_wrapper/scalar_type_wrapper.rs:1:27
[INFO] [stdout]   |
[INFO] [stdout] 1 | use async_graphql_parser::schema::ScalarType;
[INFO] [stdout]   |                           ^^^^^^ could not find `schema` in `async_graphql_parser`
[INFO] [stdout] 
[INFO] [stdout] 
[INFO] [stdout] error[E0432]: unresolved import `async_graphql_parser::schema`
[INFO] [stdout]  --> src/document_wrapper/type_wrapper.rs:2:27
[INFO] [stdout]   |
[INFO] [stdout] 2 | use async_graphql_parser::schema::{InputValue, Type};
[INFO] [stdout]   |                           ^^^^^^ could not find `schema` in `async_graphql_parser`
[INFO] [stdout] 
[INFO] [stdout] 
[INFO] [stdout] error[E0432]: unresolved import `async_graphql_parser::schema`
[INFO] [stdout]  --> src/document_wrapper/union_type_wrapper.rs:1:27
[INFO] [stdout]   |
[INFO] [stdout] 1 | use async_graphql_parser::schema::UnionType;
[INFO] [stdout]   |                           ^^^^^^ could not find `schema` in `async_graphql_parser`
[INFO] [stdout] 
[INFO] [stdout] 
[INFO] [stdout] error[E0432]: unresolved import `async_graphql_parser::schema`
[INFO] [stdout]  --> src/base/context.rs:2:27
[INFO] [stdout]   |
[INFO] [stdout] 2 | use async_graphql_parser::schema::{Definition, Document, TypeDefinition};
[INFO] [stdout]   |                           ^^^^^^ could not find `schema` in `async_graphql_parser`
[INFO] [stdout] 
[INFO] [stdout] 
[INFO] [stdout] error[E0432]: unresolved import `async_graphql_parser::schema`
[INFO] [stdout]  --> src/base/generator.rs:5:27
[INFO] [stdout]   |
[INFO] [stdout] 5 | use async_graphql_parser::schema::Document;
[INFO] [stdout]   |                           ^^^^^^ could not find `schema` in `async_graphql_parser`
[INFO] [stdout] 
[INFO] [stdout] 
[INFO] [stdout] error[E0432]: unresolved import `async_graphql_parser::schema`
[INFO] [stdout]  --> src/document_wrapper/field_wrapper.rs:2:27
[INFO] [stdout]   |
[INFO] [stdout] 2 | use async_graphql_parser::schema::{Field, InputValue, Type};
[INFO] [stdout]   |                           ^^^^^^ could not find `schema` in `async_graphql_parser`
[INFO] [stdout] 
[INFO] [stdout] 
[INFO] [stdout] error[E0432]: unresolved import `async_graphql_parser::schema`
[INFO] [stdout]  --> src/document_wrapper/input_object_type_wrapper.rs:1:27
[INFO] [stdout]   |
[INFO] [stdout] 1 | use async_graphql_parser::schema::{InputObjectType, InputValue};
[INFO] [stdout]   |                           ^^^^^^ could not find `schema` in `async_graphql_parser`
[INFO] [stdout] 
[INFO] [stdout] 
[INFO] [stdout] error[E0432]: unresolved import `async_graphql_parser::schema`
[INFO] [stdout]  --> src/document_wrapper/input_value_wrapper.rs:2:27
[INFO] [stdout]   |
[INFO] [stdout] 2 | use async_graphql_parser::schema::{InputValue, Type};
[INFO] [stdout]   |                           ^^^^^^ could not find `schema` in `async_graphql_parser`
[INFO] [stdout] 
[INFO] [stdout] 
[INFO] [stdout] error[E0432]: unresolved import `async_graphql_parser::schema`
[INFO] [stdout]  --> src/document_wrapper/interface_type_wrapper.rs:1:27
[INFO] [stdout]   |
[INFO] [stdout] 1 | use async_graphql_parser::schema::InterfaceType;
[INFO] [stdout]   |                           ^^^^^^ could not find `schema` in `async_graphql_parser`
[INFO] [stdout] 
[INFO] [stdout] 
[INFO] [stdout] error[E0432]: unresolved import `async_graphql_parser::schema`
[INFO] [stdout]  --> src/document_wrapper/mutation_type_wrapper.rs:1:27
[INFO] [stdout]   |
[INFO] [stdout] 1 | use async_graphql_parser::schema::{Field, InputValue, Type};
[INFO] [stdout]   |                           ^^^^^^ could not find `schema` in `async_graphql_parser`
[INFO] [stdout] 
[INFO] [stdout] 
[INFO] [stdout] error[E0432]: unresolved import `async_graphql_parser::schema`
[INFO] [stdout]  --> src/document_wrapper/mutations_type_wrapper.rs:1:27
[INFO] [stdout]   |
[INFO] [stdout] 1 | use async_graphql_parser::schema::ObjectType;
[INFO] [stdout]   |                           ^^^^^^ could not find `schema` in `async_graphql_parser`
[INFO] [stdout] 
[INFO] [stdout] 
[INFO] [stdout] error[E0432]: unresolved import `async_graphql_parser::schema`
[INFO] [stdout]  --> src/document_wrapper/object_type_wrapper.rs:1:27
[INFO] [stdout]   |
[INFO] [stdout] 1 | use async_graphql_parser::schema::ObjectType;
[INFO] [stdout]   |                           ^^^^^^ could not find `schema` in `async_graphql_parser`
[INFO] [stdout] 
[INFO] [stdout] 
[INFO] [stdout] error[E0432]: unresolved import `async_graphql_parser::schema`
[INFO] [stdout]  --> src/document_wrapper/scalar_type_wrapper.rs:1:27
[INFO] [stdout]   |
[INFO] [stdout] 1 | use async_graphql_parser::schema::ScalarType;
[INFO] [stdout]   |                           ^^^^^^ could not find `schema` in `async_graphql_parser`
[INFO] [stdout] 
[INFO] [stdout] 
[INFO] [stdout] error[E0432]: unresolved import `async_graphql_parser::schema`
[INFO] [stdout]  --> src/document_wrapper/type_wrapper.rs:2:27
[INFO] [stdout]   |
[INFO] [stdout] 2 | use async_graphql_parser::schema::{InputValue, Type};
[INFO] [stdout]   |                           ^^^^^^ could not find `schema` in `async_graphql_parser`
[INFO] [stdout] 
[INFO] [stdout] 
[INFO] [stdout] error[E0432]: unresolved import `async_graphql_parser::schema`
[INFO] [stdout]  --> src/document_wrapper/union_type_wrapper.rs:1:27
[INFO] [stdout]   |
[INFO] [stdout] 1 | use async_graphql_parser::schema::UnionType;
[INFO] [stdout]   |                           ^^^^^^ could not find `schema` in `async_graphql_parser`
[INFO] [stdout] 
[INFO] [stdout] 
[INFO] [stdout] error[E0592]: duplicate definitions with name `dependencies`
[INFO] [stdout]   --> src/document_wrapper/interface_type_wrapper.rs:45:5
[INFO] [stdout]    |
[INFO] [stdout] 45 |     pub fn dependencies(&self) -> Vec<Dependency> {
[INFO] [stdout]    |     ^^^^^^^^^^^^^^^^^^^^^^^^^^^^^^^^^^^^^^^^^^^^^ duplicate definitions for `dependencies`
[INFO] [stdout]    | 
[INFO] [stdout]   ::: src/document_wrapper/union_type_wrapper.rs:29:5
[INFO] [stdout]    |
[INFO] [stdout] 29 |     pub fn dependencies(&self) -> Vec<Dependency> {
[INFO] [stdout]    |     --------------------------------------------- other definition for `dependencies`
[INFO] [stdout] 
[INFO] [stdout] 
[INFO] [stdout] error[E0592]: duplicate definitions with name `implemented_object_types`
[INFO] [stdout]   --> src/document_wrapper/interface_type_wrapper.rs:56:5
[INFO] [stdout]    |
[INFO] [stdout] 56 |     pub fn implemented_object_types(&self) -> Vec<ObjectTypeWrapper> {
[INFO] [stdout]    |     ^^^^^^^^^^^^^^^^^^^^^^^^^^^^^^^^^^^^^^^^^^^^^^^^^^^^^^^^^^^^^^^^ duplicate definitions for `implemented_object_types`
[INFO] [stdout]    | 
[INFO] [stdout]   ::: src/document_wrapper/union_type_wrapper.rs:44:5
[INFO] [stdout]    |
[INFO] [stdout] 44 |     pub fn implemented_object_types(&self) -> Vec<ObjectTypeWrapper> {
[INFO] [stdout]    |     ---------------------------------------------------------------- other definition for `implemented_object_types`
[INFO] [stdout] 
[INFO] [stdout] 
[INFO] [stdout] error: aborting due to 14 previous errors
[INFO] [stdout] 
[INFO] [stdout] 
[INFO] [stdout] Some errors have detailed explanations: E0432, E0592.
[INFO] [stdout] 
[INFO] [stdout] For more information about an error, try `rustc --explain E0432`.
[INFO] [stdout] 
[INFO] [stderr] error: could not compile `codegen-for-async-graphql-renderer`.
[INFO] [stderr] 
[INFO] [stderr] To learn more, run the command again with --verbose.
[INFO] [stderr] warning: build failed, waiting for other jobs to finish...
[INFO] [stdout] error[E0592]: duplicate definitions with name `dependencies`
[INFO] [stdout]   --> src/document_wrapper/interface_type_wrapper.rs:45:5
[INFO] [stdout]    |
[INFO] [stdout] 45 |     pub fn dependencies(&self) -> Vec<Dependency> {
[INFO] [stdout]    |     ^^^^^^^^^^^^^^^^^^^^^^^^^^^^^^^^^^^^^^^^^^^^^ duplicate definitions for `dependencies`
[INFO] [stdout]    | 
[INFO] [stdout]   ::: src/document_wrapper/union_type_wrapper.rs:29:5
[INFO] [stdout]    |
[INFO] [stdout] 29 |     pub fn dependencies(&self) -> Vec<Dependency> {
[INFO] [stdout]    |     --------------------------------------------- other definition for `dependencies`
[INFO] [stdout] 
[INFO] [stdout] 
[INFO] [stdout] error[E0592]: duplicate definitions with name `implemented_object_types`
[INFO] [stdout]   --> src/document_wrapper/interface_type_wrapper.rs:56:5
[INFO] [stdout]    |
[INFO] [stdout] 56 |     pub fn implemented_object_types(&self) -> Vec<ObjectTypeWrapper> {
[INFO] [stdout]    |     ^^^^^^^^^^^^^^^^^^^^^^^^^^^^^^^^^^^^^^^^^^^^^^^^^^^^^^^^^^^^^^^^ duplicate definitions for `implemented_object_types`
[INFO] [stdout]    | 
[INFO] [stdout]   ::: src/document_wrapper/union_type_wrapper.rs:44:5
[INFO] [stdout]    |
[INFO] [stdout] 44 |     pub fn implemented_object_types(&self) -> Vec<ObjectTypeWrapper> {
[INFO] [stdout]    |     ---------------------------------------------------------------- other definition for `implemented_object_types`
[INFO] [stdout] 
[INFO] [stdout] 
[INFO] [stdout] error: aborting due to 14 previous errors
[INFO] [stdout] 
[INFO] [stdout] 
[INFO] [stdout] Some errors have detailed explanations: E0432, E0592.
[INFO] [stdout] 
[INFO] [stdout] For more information about an error, try `rustc --explain E0432`.
[INFO] [stdout] 
[INFO] [stderr] error: build failed
[INFO] running `Command { std: "docker" "inspect" "f19255748357353b586e25fde20abf71bdb3519240c4dd6f53d1104f6baaa6d3", kill_on_drop: false }`
[INFO] running `Command { std: "docker" "rm" "-f" "f19255748357353b586e25fde20abf71bdb3519240c4dd6f53d1104f6baaa6d3", kill_on_drop: false }`
[INFO] [stdout] f19255748357353b586e25fde20abf71bdb3519240c4dd6f53d1104f6baaa6d3
